{"id":34,"date":"2010-02-12T08:17:19","date_gmt":"2010-02-12T08:17:19","guid":{"rendered":"http:\/\/www.wpress.abw-serwis.pl\/?page_id=34"},"modified":"2010-03-06T22:08:51","modified_gmt":"2010-03-06T22:08:51","slug":"uslugi-serwisowe","status":"publish","type":"page","link":"http:\/\/www.abw-serwis.pl\/?page_id=34","title":{"rendered":"Us\u0142ugi serwisowe"},"content":{"rendered":"<p>Firma ABW Serwis\u00a0dok\u0142ada wszelkich stara\u0144, aby zapewni\u0107 swoim Klientom <span class=\"pogr\">obs\u0142ug\u0119 i\u00a0serwis na najwy\u017cszym \u015bwiatowym poziomie<\/span> &#8211;\u00a0tak dla nowych Klient\u00f3w, jak i\u00a0dla sta\u0142ych. Dzia\u0142amy w\u00a0spos\u00f3b szybki, prosty oraz profesjonalny, wykorzystuj\u0105c globalne i\u00a0lokalne do\u015bwiadczenia oraz wiedz\u0119, kt\u00f3r\u0105 zdobywamy na serwisach oraz na monta\u017cu naszych zlece\u0144.<\/p>\n<p><img loading=\"lazy\" decoding=\"async\" class=\"aligncenter size-full wp-image-522\" src=\"http:\/\/www.wpress.abw-serwis.pl\/wp-content\/uploads\/2010\/02\/serwis1.jpg\" alt=\"\" width=\"400\" height=\"267\" srcset=\"http:\/\/www.abw-serwis.pl\/wp-content\/uploads\/2010\/02\/serwis1.jpg 400w, http:\/\/www.abw-serwis.pl\/wp-content\/uploads\/2010\/02\/serwis1-300x200.jpg 300w\" sizes=\"auto, (max-width: 400px) 100vw, 400px\" \/><\/p>\n<p>Naszym celem jest dostarczenie <span class=\"pogr\">kompletnego pakietu produktowo-serwisowego<\/span>, zapewniaj\u0105cego satysfakcj\u0119 Klient\u00f3w przez ca\u0142y okres u\u017cytkowania danego produktu.<\/p>\n<h3>Warunki Serwisu<\/h3>\n<p>Naprawa gwarancyjna obejmuje tylko i\u00a0wy\u0142\u0105cznie urz\u0105dzenia zakupione u\u00a0naszych partner\u00f3w. Klient sk\u0142adaj\u0105cy reklamacj\u0119 powinien posiada\u0107 pisemn\u0105 gwarancj\u0119 oraz dokument zakupu urz\u0105dzenia (faktur\u0119 lub paragon). <span class=\"pogr\">Sprz\u0119t obj\u0119ty gwarancj\u0105 naprawiany jest bezp\u0142atnie.<\/span> W\u00a0przypadku braku mo\u017cliwo\u015bci naprawy, urz\u0105dzenie mo\u017ce zosta\u0107 wymienione na nowe. Serwis zastrzega sobie mo\u017cliwo\u015b\u0107 odm\u00f3wienia naprawy urz\u0105dzenia w\u00a0przypadku stwierdzenia nieprawid\u0142owego u\u017cytkowania sprz\u0119tu przez klienta.<\/p>\n<p><img loading=\"lazy\" decoding=\"async\" class=\"aligncenter size-full wp-image-524\" src=\"http:\/\/www.wpress.abw-serwis.pl\/wp-content\/uploads\/2010\/02\/serwis2.jpg\" alt=\"\" width=\"200\" height=\"232\" \/><\/p>\n<p>Do naprawy pogwarancyjnej mo\u017cna zg\u0142osi\u0107 wszystkie urz\u0105dzenia\u00a0 oraz urz\u0105dzenia elektroniczne. W\u00a0opisie reklamacji nale\u017cy wyra\u017anie zaznaczy\u0107, \u017ce zg\u0142oszenie dotyczy naprawy pogwarancyjnej. Wycen\u0119 naprawy pogwarancyjnej dokonuje nasz serwisant w\u00a0uzgodnieniu z\u00a0klientem.<\/p>\n","protected":false},"excerpt":{"rendered":"<p>Firma ABW Serwis\u00a0dok\u0142ada wszelkich stara\u0144, aby zapewni\u0107 swoim Klientom obs\u0142ug\u0119 i\u00a0serwis na najwy\u017cszym \u015bwiatowym poziomie &#8211;\u00a0tak dla nowych Klient\u00f3w, jak i\u00a0dla sta\u0142ych. Dzia\u0142amy w\u00a0spos\u00f3b szybki, prosty oraz profesjonalny, wykorzystuj\u0105c globalne i\u00a0lokalne do\u015bwiadczenia oraz wiedz\u0119, kt\u00f3r\u0105 zdobywamy na serwisach oraz na monta\u017cu naszych zlece\u0144. Naszym celem jest dostarczenie kompletnego pakietu produktowo-serwisowego, zapewniaj\u0105cego satysfakcj\u0119 Klient\u00f3w przez ca\u0142y [&hellip;]<\/p>\n","protected":false},"author":2,"featured_media":0,"parent":0,"menu_order":1,"comment_status":"open","ping_status":"open","template":"","meta":{"footnotes":""},"class_list":["post-34","page","type-page","status-publish","hentry"],"_links":{"self":[{"href":"http:\/\/www.abw-serwis.pl\/index.php?rest_route=\/wp\/v2\/pages\/34","targetHints":{"allow":["GET"]}}],"collection":[{"href":"http:\/\/www.abw-serwis.pl\/index.php?rest_route=\/wp\/v2\/pages"}],"about":[{"href":"http:\/\/www.abw-serwis.pl\/index.php?rest_route=\/wp\/v2\/types\/page"}],"author":[{"embeddable":true,"href":"http:\/\/www.abw-serwis.pl\/index.php?rest_route=\/wp\/v2\/users\/2"}],"replies":[{"embeddable":true,"href":"http:\/\/www.abw-serwis.pl\/index.php?rest_route=%2Fwp%2Fv2%2Fcomments&post=34"}],"version-history":[{"count":21,"href":"http:\/\/www.abw-serwis.pl\/index.php?rest_route=\/wp\/v2\/pages\/34\/revisions"}],"predecessor-version":[{"id":525,"href":"http:\/\/www.abw-serwis.pl\/index.php?rest_route=\/wp\/v2\/pages\/34\/revisions\/525"}],"wp:attachment":[{"href":"http:\/\/www.abw-serwis.pl\/index.php?rest_route=%2Fwp%2Fv2%2Fmedia&parent=34"}],"curies":[{"name":"wp","href":"https:\/\/api.w.org\/{rel}","templated":true}]}}