{"id":2,"date":"2010-02-12T07:27:47","date_gmt":"2010-02-12T07:27:47","guid":{"rendered":"http:\/\/www.wpress.abw-serwis.pl\/?page_id=2"},"modified":"2016-01-15T18:30:32","modified_gmt":"2016-01-15T17:30:32","slug":"informacje","status":"publish","type":"page","link":"http:\/\/www.abw-serwis.pl\/","title":{"rendered":"O firmie"},"content":{"rendered":"<p style=\"font-size: 1.3em;\">Serdecznie witamy na stronie firmy <span class=\"pogr\">ABW\u00a0Serwis<\/span>.<\/p>\n<p><span class=\"pogr\">ABW\u00a0Serwis<\/span> oferuje Pa\u0144stwu profesjonalne us\u0142ugi, <span class=\"pogr\">serwis gwarancyjny i\u00a0pogwarancyjny<\/span> urz\u0105dze\u0144 takich jak: klimatyzacje, bramy, szlabany, zapory drogowe, domofony, urz\u0105dzania grzewcze, systemy kontroli dost\u0119pu i\u00a0pracy, telewizja przemys\u0142owa\u00a0CCTV oraz systemu alarmowe. Zajmujemy si\u0119 tak\u017ce projektowaniem i\u00a0monta\u017cem instalacji elektrycznych.<\/p>\n<p>Jeste\u015bmy firm\u0105 dzia\u0142aj\u0105c\u0105 od <span class=\"pogr\">2005\u00a0roku<\/span>. Realizujemy zam\u00f3wienia <span class=\"pogr\">z\u00a0terenu ca\u0142ego kraju<\/span>. Zdobyli\u015bmy uznanie wielu klient\u00f3w prywatnych, firm i\u00a0instytucji.<\/p>\n<p>Na nasz <span class=\"pogr\">szeroki wachlarz us\u0142ug<\/span> sk\u0142adaj\u0105 si\u0119 doradztwo, us\u0142ugi serwisowe, monta\u017cowe i\u00a0sprzeda\u017c klimatyzacji, bram, szlaban\u00f3w, zap\u00f3r drogowych, domofon\u00f3w, urz\u0105dze\u0144 grzewczych, system\u00f3w kontroli dost\u0119pu i\u00a0pracy, telewizji przemys\u0142owej\u00a0CCTV, instalacji elektrycznych oraz system\u00f3w alarmowych.<\/p>\n<p>Zapewniamy <span class=\"pogr\">rzetelno\u015b\u0107 i\u00a0terminowo\u015b\u0107<\/span> w\u00a0realizacji podj\u0119tych zobowi\u0105za\u0144. Pragniemy poleci\u0107 Pa\u0144stwu nasze us\u0142ugi w\u00a0zakresie dostawy, monta\u017cu, konserwacji i\u00a0serwisu. Pracownicy naszego serwisu to <span class=\"pogr\">wysoko wykwalifikowana i\u00a0wyposa\u017cona<\/span> w\u00a0profesjonalny sprz\u0119t kadra posiadaj\u0105ca <span class=\"pogr\">certyfikaty<\/span> uko\u0144czenia kurs\u00f3w oraz szkole\u0144.<\/p>\n<p>Posiadamy autoryzacj\u0119 na sprzeda\u017c, monta\u017c i\u00a0serwis nast\u0119puj\u0105cych urz\u0105dze\u0144:<\/p>\n<p>Klimatyzacyjnych firm:<br \/>\n\u2022 <strong>FUJITSU<\/strong>\u00a0\u2022<strong>ROTENSO<\/strong>\u00a0\u2022 <strong>SUNICO<\/strong> \u2022 <strong>VIVAX\u00a0\u2022<\/strong><\/p>\n<p>Bram, szlaban\u00f3w i\u00a0zap\u00f3r drogowych firm:<br \/>\n\u2022 <strong>DITEC<\/strong> \u2022 <strong>CAME<\/strong> \u2022 <strong>NICE<\/strong>\u00a0\u2022<\/p>\n<p>Domofon\u00f3w firm:<br \/>\n\u2022 <strong>COMMAX<\/strong> \u2022\u00a0<strong>LASKOMEX<\/strong>\u00a0\u2022 <strong>PROEL<\/strong>\u2022\u00a0<strong>ELFON<\/strong>\u2022\u00a0<strong>CAME\u00a0<\/strong>\u2022<\/p>\n<p>Inteligentnego ogrzewania firmy:<br \/>\n\u2022 <strong>DEVI<\/strong> \u2022<\/p>\n<p>System\u00f3w alarmowych firmy:<br \/>\n\u2022 <strong>SATEL<\/strong> \u2022<\/p>\n<p>Telewizji przemys\u0142owych\u00a0CCTV firm:<br \/>\n\u2022\u00a0<strong>AVC<\/strong> \u2022\u00a0<strong>BCS<\/strong> \u2022 <b>OPTIVA\u00a0<\/b>\u2022 <strong>HIKVISION<\/strong>\u00a0\u2022<strong> BOSCH<\/strong>\u00a0\u00a0\u2022<\/p>\n<p>System\u00f3w kontroli dost\u0119pu i\u00a0pracy firm:<br \/>\n\u2022 <strong>SATEL<\/strong> \u2022 <strong>ROGER<\/strong> \u2022 <strong>CAME\u00a0\u2022 NICE\u00a0\u2022<\/strong><\/p>\n<p>Oferujemy naszym Klientom tylko <span class=\"pogr\">najlepsze i\u00a0sprawdzone produkty<\/span>. Posiadaj\u0105 one <span class=\"pogr\">stosowne certyfikaty<\/span>, aprobaty techniczne krajowe i\u00a0zagraniczne oraz wymagane atesty higieniczne. Wykonujemy instalacje wed\u0142ug projekt\u00f3w w\u0142asnych lub powierzonych, w\u00a0budynkach nowobudowanych oraz ju\u017c istniej\u0105cych. Zamontowane przez nasz\u0105 firm\u0119 urz\u0105dzenia s\u0105 obj\u0119te <span class=\"pogr\">pe\u0142n\u0105 gwarancj\u0105 producenta<\/span> oraz wykonane z najwy\u017csz\u0105 staranno\u015bci\u0105 i\u00a0zgodnie z\u00a0przepisami wymaganiami przez <span class=\"pogr\">Uni\u0105 Europejsk\u0105<\/span>.<\/p>\n<p>Serdecznie zapraszamy do korzystania z\u00a0naszych us\u0142ug &#8211;\u00a0prosimy o\u00a0wype\u0142nienie i\u00a0wys\u0142anie <span class=\"pogr\"><a href=\"http:\/\/www.abw-serwis.pl\/?page_id=156\">formularza kontaktowego<\/a><\/span>, nasz handlowiec ch\u0119tnie skontaktuje si\u0119 z Pa\u0144stwem i\u00a0udzieli szczeg\u00f3\u0142owych informacji na temat naszej oferty. <span class=\"pogr\">Zawsze znajdziemy czas na rozmow\u0119 z\u00a0klientem<\/span>. Nawet je\u017celi nie skorzystaj\u0105 Pa\u0144stwo z\u00a0naszej oferty ch\u0119tnie udzielimy pomocy w\u00a0zakresie klimatyzacji oraz wentylacji.<\/p>\n<p>Na poszczeg\u00f3lnych stronach znajdziecie Pa\u0144stwo wi\u0119cej informacji na temat naszych us\u0142ug, oferowanych produkt\u00f3w z\u00a0mo\u017cliwo\u015bci\u0105 pobrania katalog\u00f3w urz\u0105dze\u0144, aktualnych promocji oraz <span class=\"pogr\"><a href=\"http:\/\/www.abw-serwis.pl\/?page_id=43\">danych kontaktowych<\/a><\/span> do naszej firmy.<\/p>\n<h2>Serdecznie zapraszamy do skorzystania z naszych us\u0142ug.<\/h2>\n","protected":false},"excerpt":{"rendered":"<p>Serdecznie witamy na stronie firmy ABW\u00a0Serwis. ABW\u00a0Serwis oferuje Pa\u0144stwu profesjonalne us\u0142ugi, serwis gwarancyjny i\u00a0pogwarancyjny urz\u0105dze\u0144 takich jak: klimatyzacje, bramy, szlabany, zapory drogowe, domofony, urz\u0105dzania grzewcze, systemy kontroli dost\u0119pu i\u00a0pracy, telewizja przemys\u0142owa\u00a0CCTV oraz systemu alarmowe. Zajmujemy si\u0119 tak\u017ce projektowaniem i\u00a0monta\u017cem instalacji elektrycznych. Jeste\u015bmy firm\u0105 dzia\u0142aj\u0105c\u0105 od 2005\u00a0roku. Realizujemy zam\u00f3wienia z\u00a0terenu ca\u0142ego kraju. Zdobyli\u015bmy uznanie wielu klient\u00f3w [&hellip;]<\/p>\n","protected":false},"author":2,"featured_media":0,"parent":0,"menu_order":0,"comment_status":"open","ping_status":"open","template":"","meta":{"footnotes":""},"class_list":["post-2","page","type-page","status-publish","hentry"],"_links":{"self":[{"href":"http:\/\/www.abw-serwis.pl\/index.php?rest_route=\/wp\/v2\/pages\/2","targetHints":{"allow":["GET"]}}],"collection":[{"href":"http:\/\/www.abw-serwis.pl\/index.php?rest_route=\/wp\/v2\/pages"}],"about":[{"href":"http:\/\/www.abw-serwis.pl\/index.php?rest_route=\/wp\/v2\/types\/page"}],"author":[{"embeddable":true,"href":"http:\/\/www.abw-serwis.pl\/index.php?rest_route=\/wp\/v2\/users\/2"}],"replies":[{"embeddable":true,"href":"http:\/\/www.abw-serwis.pl\/index.php?rest_route=%2Fwp%2Fv2%2Fcomments&post=2"}],"version-history":[{"count":55,"href":"http:\/\/www.abw-serwis.pl\/index.php?rest_route=\/wp\/v2\/pages\/2\/revisions"}],"predecessor-version":[{"id":684,"href":"http:\/\/www.abw-serwis.pl\/index.php?rest_route=\/wp\/v2\/pages\/2\/revisions\/684"}],"wp:attachment":[{"href":"http:\/\/www.abw-serwis.pl\/index.php?rest_route=%2Fwp%2Fv2%2Fmedia&parent=2"}],"curies":[{"name":"wp","href":"https:\/\/api.w.org\/{rel}","templated":true}]}}